 is divided by 5.
4
Let w be 0/(-1 + 4 - 1). Suppose -4*f + f - 2880 = w. Calculate the remainder when 79 is divided by f/(-35) + (-3)/7.
25
Let l = 36 + -17. Suppose 5*t + 33 + 32 = n, 4*n - 212 = -4*t. What is the remainder when n is divided by l?
17
Let i = 174 - 101. Suppose 4*f = c + 74, -f + 5*c = -7 - 2. What is the remainder when i is divided by f?
16
Let z = -335 - -380. What is the remainder when z is divided by 17?
11
Suppose -4 = 2*a, 5*a - 150 = 2*s - 6*s. Suppose 19*l - 74 - s = 0. What is the remainder when l is divided by 3?
0
Suppose -3*i - 2*k = -229, -5*i + 3*k + 350 = -0*k. Let y = -72 - -69. Let h(f) = -2*f**3 - 3*f**2 + 2*f - 2. Calculate the remainder when i is divided by h(y).
16
Let x = -122 - -177. Suppose 4*d = 2 - 22, 4*b - 23 = -d. What is the remainder when x is divided by b?
6
Suppose 10*t - 392 = -82. Calculate the remainder when 433 is divided by t.
30
Suppose 55*v + 180 = 61*v. Calculate the remainder when 77 is divided by v.
17
Let k be ((-1)/(-3))/((-16)/(-816)). Suppose k*q - 15*q = 30. What is the remainder when 74 is divided by 1*q + (4 - 0)?
17
Let p(r) = -r**3 + 4*r**2 - 4*r - 1. Suppose 2*n + 77 + 35 = 4*c, -4*n - 50 = -2*c. Calculate the remainder when p(-4) is divided by c.
27
Let d = 296 + -286. Calculate the remainder when 47 is divided by d.
7
Suppose -2*o = -o - 14. Suppose -4 = -4*v + 3*v. Suppose v*c - 47 = 165. What is the remainder when c is divided by o?
11
Let l = -66 - -66. Suppose -2*b = -l*b - 6, 2*t - 2*b - 174 = 0. What is the remainder when t is divided by 46?
44
Let l = 36 + -10. Let n = 85 - l. Suppose 2*t + 2*z = -z + 77, -3*z = -2*t + n. What is the remainder when t is divided by 12?
10
Suppose -5*y - 56 + 16 = 5*s, 3 = -3*s + 4*y. What is the remainder when 80 - (s - (-1 - 1)) is divided by 21?
20
Let j(g) = 2*g**2 + 9*g + 16. Let s be j(-5). Suppose 3*m + 2*a + a - s = 0, -2*a - 26 = -3*m. Calculate the remainder when 26 is divided by m.
2
Suppose -5*r = -y - 15, -8*r = -5*r - 3*y + 3. Suppose 650 = r*p + 106. Calculate the remainder when p is divided by 46.
44
Calculate the remainder when -3*38/(-3) - 1 is divided by ((-12)/(-10))/((-23808)/1085 - -22).
16
Let p be (-2)/3 + (-44)/(-3). Let n(j) = 19*j - 17. Let m(d) = 16*d - 18. Let t(l) = -6*m(l) + 5*n(l). What is the remainder when 24 is divided by t(p)?
6
Suppose 41 = j - y - 6, 3*j = y + 135. Calculate the remainder when 134 is divided by j.
2
Let c(q) = -2*q + 5. Let x be c(-7). Suppose 3*a + 5*y - 6 = 31, -x = -a - 3*y. Calculate the remainder when 6 is divided by a.
2
Let z = 577 + -529. Suppose y - 6 = -5*j + 24, 0 = -2*y - 10. Calculate the remainder when z is divided by j.
6
Let k be (-52)/(-2) - (-1)/(-3 + 2). Let p = k + -14. What is the remainder when 52 is divided by p?
8
Suppose 0 = -0*a + 5*a - 630. Let u = -90 + a. What is the remainder when 107 is divided by u?
35
Let h be ((-2964)/95)/(6/(-20)). Let p = h - 85. Calculate the remainder when p is divided by 15.
4
Suppose -56*c = -58*c + 20. What is the remainder when 68 is divided by c?
8
Let z = 866 - 829. Calculate the remainder when 256 is divided by z.
34
Let u = -197 - -287. Calculate the remainder when u is divided by 23.
21
Let w be -1 - (-46)/(2/(-1)). Suppose -3*g + 17 = -4*g. Let q = g - w. What is the remainder when 27 is divided by q?
6
Suppose 4*q - 200 = 304. Let g = -10 - q. Let i = g - -235. Calculate the remainder when i is divided by 25.
24
Let r = 1186 + -1175. Calculate the remainder when 251 is divided by r.
9
Suppose 4 = y - 0*y. Suppose y*o - 6*o + 186 = 0. What is the remainder when o is divided by 26?
15
Let d(g) = 2*g**2 + 29*g + 128. Calculate the remainder when d(-9) is divided by 11.
7
Suppose -11*r + 16*r - 25 = 0. Suppose -5*c = -r*y - 0*y + 325, 5*y - c = 309. What is the remainder when y is divided by 16?
13
Suppose -2*d - 5*m + 199 = -7, -3*d + 287 = 2*m. What is the remainder when d is divided by 49?
44
Let h be (26/6)/(1/3). Suppose h = 3*c + 1. Suppose n = c*m + 6*n - 219, -4*m = 3*n - 229. Calculate the remainder when m is divided by 21.
19
Suppose -4 = -g - 1. Suppose -g*l - 2*l + 25 = 0. Suppose 59 = -l*w + 199. Calculate the remainder when w is divided by 8.
4
Let h(r) = r**2 + 18*r - 75. Let q(y) = 2*y**2 - 2*y + 3. Calculate the remainder when h(6) is divided by q(2).
6
Let g(z) = 4*z**2 - 1. Let b be g(-1). Suppose 2*v - b - 7 = 0. Suppose 2 = w - v. What is the remainder when 20 is divided by w?
6
Let b(d) = d**3 - 3*d**2 + 4*d - 7. Let r be b(3). Suppose 2*a + v = 20, r*a + v = -v + 49. Calculate the remainder when 123 is divided by a.
6
Let k(b) = -b + 7 - 4 - 4. Let m be k(-4). Suppose 3*t - 179 = v, -v = -m*t + v + 184. What is the remainder when t is divided by 15?
13
Let j(a) = 2*a + 8. Let b be j(-9). What is the remainder when 57 is divided by 568/28 + -1 + b/(-14)?
17
Suppose 2*j - 59 = 23. Suppose -6*c + 75 = -c. What is the remainder when j is divided by c?
11
Let t = 263 + -146. Calculate the remainder when t is divided by 18.
9
Let w = 63 + -13. Suppose 2*n - 8 = 0, -2*b - w = -n + 6*n. Calculate the remainder when 77 is divided by (56/b)/((-2)/25).
17
Let n = -4 - -17. Suppose 10*z = 14*z - 204. What is the remainder when z is divided by n?
12
Suppose -4*c - 5 = -21. Suppose 2*p = -c*w + 36, -w + 0*w + 65 = 4*p. Calculate the remainder when 61 is divided by p.
13
Suppose 198 - 72 = 3*q. What is the remainder when q is divided by 21?
0
What is the remainder when (-720)/90 - (0/3 + -35) is divided by 17?
10
Suppose 4 = -2*h + 3*h. Let t be (12/(-9))/h*0. Suppose m + 3*q - 28 = t, 0*q + q - 98 = -5*m. Calculate the remainder when m is divided by 11.
8
Let c(i) = 12*i - 4. Let t = -101 + 160. Let h = t + 3. Calculate the remainder when h is divided by c(3).
30
Let t = -281 + 364. Suppose 15*y - 13*y = 34. What is the remainder when t is divided by y?
15
Suppose b - 54 = 4*o, o - b + 11 + 4 = 0. Let g = 32 + o. Calculate the remainder when g is divided by 10.
9
Suppose n - 10 = -8*g + 4*g, 2*n - g = 2. Suppose -16 = -3*p - p. What is the remainder when p is divided by n?
0
Let k(t) = 6*t + 44. Suppose 4*o = 3*h + 85, -5*h - 48 = -2*o - 9. What is the remainder when k(7) is divided by o?
20
Suppose -3 = 3*v, -5*x + 7*v = 2*v + 55. Let w be 368/(-14) - (-6)/21. Let a = x - w. Calculate the remainder when 55 is divided by a.
13
Let q(t) = 3*t**2 - 4*t**2 - 6 + 8 + 8*t - 5. Calculate the remainder when 17 is divided by q(6).
8
Suppose -83*r = -70*r - 1274. What is the remainder when r is divided by 29?
11
Suppose 0 = 15*f - 13*f + 220. Let o = -96 - f. Calculate the remainder when 25 is divided by o.
11
Let i(q) = q**2 + 6*q - 5. Let r be i(-7). Let v(a) = 19*a + 3. Let x be v(r). Let m = x + -20. What is the remainder when m is divided by 6?
3
Calculate the remainder when 175 is divided by (-80)/(-2) + (-11)/(143/(-65)).
40
Calculate the remainder when (-35)/(-42)*(-4)/(-5)*309 is divided by 52.
50
Let l be (-3*7)/((-3)/(-4)*-2). Suppose 5*k + l = 19. Calculate the remainder when 4 is divided by k.
0
Let z(c) = -3*c**2 + 13*c - 4. Let o be z(4). Calculate the remainder when 55 is divided by 18/1 - (-4 + 1 - o).
13
Let a(m) = 3*m**3 + 3*m**2 - 3. Let o be a(-2). Let z(u) = -2*u - 30. Let j be z(o). Suppose j = -l - 2 + 34. Calculate the remainder when l is divided by 12.
8
Suppose n = 2*n + 5*j - 38, -2*n = -3*j - 11. Let a = n + -9. Calculate the remainder when 5 is divided by (-3)/2*a/(-3).
1
Suppose 775*a - 758*a = 1377. What is the remainder when 417 is divided by a?
12
Suppose -149 - 162 = -4*z + 3*j, 394 = 5*z - 2*j. Calculate the remainder when z is divided by 23.
11
Let f(p) = p + 2. Let d be f(2). Suppose -d*i = -3*i + 255. What is the remainder when 49 is divided by i/(-20) + (-2)/(-8)?
10
Suppose 352 + 2846 = 26*p. Calculate the remainder when p is divided by 42.
39
Suppose -4*p + 2*f + 16 = 0, 2*p + f - 8 = -4*f. Let h be (p - (-57)/(-12))*-52. Let m = h - 27. Calculate the remainder when m is divided by 5.
2
Suppose 0 = -6*d + 2*d - 8. Let t be 9/(-2 - -5) - d. Suppose 23 = 4*w - t. What is the remainder when 20 is divided by w?
6
Calculate the remainder when 91 is divided by (-25)/3 + 9 - (-291)/9.
25
Calculate the remainder when 5/30*0 + 145 is divided by 37.
34
Suppose 0 = 19*c - 7838 + 1815